CRAN Package Check Results for Package RADstackshelpR

Last updated on 2025-05-23 04:51:17 CEST.

Flavor Version Tinstall Tcheck Ttotal Status Flags
r-devel-linux-x86_64-debian-clang 0.1.0 2.21 39.13 41.34 OK
r-devel-linux-x86_64-debian-gcc 0.1.0 1.65 29.67 31.32 OK
r-devel-linux-x86_64-fedora-clang 0.1.0 63.17 NOTE
r-devel-linux-x86_64-fedora-gcc 0.1.0 72.57 NOTE
r-devel-windows-x86_64 0.1.0 5.00 56.00 61.00 OK
r-patched-linux-x86_64 0.1.0 1.88 35.72 37.60 OK
r-release-linux-x86_64 0.1.0 2.16 35.59 37.75 OK
r-release-macos-arm64 0.1.0 28.00 OK
r-release-macos-x86_64 0.1.0 50.00 OK
r-release-windows-x86_64 0.1.0 5.00 56.00 61.00 OK
r-oldrel-macos-arm64 0.1.0 28.00 OK
r-oldrel-macos-x86_64 0.1.0 42.00 OK
r-oldrel-windows-x86_64 0.1.0 5.00 64.00 69.00 OK

Check Details

Version: 0.1.0
Check: dependencies in R code
Result: NOTE Namespace in Imports field not imported from: ‘gridExtra’ All declared Imports should be used. Flavors: r-devel-linux-x86_64-fedora-clang, r-devel-linux-x86_64-fedora-gcc