CRAN Package Check Results for Package RGreenplum

Last updated on 2025-07-19 04:49:34 CEST.

Flavor Version Tinstall Tcheck Ttotal Status Flags
r-devel-linux-x86_64-debian-clang 0.1.2 5.32 35.21 40.53 OK
r-devel-linux-x86_64-debian-gcc 0.1.2 3.73 27.68 31.41 OK
r-devel-linux-x86_64-fedora-clang 0.1.2 61.52 OK
r-devel-linux-x86_64-fedora-gcc 0.1.2 59.32 OK
r-devel-windows-x86_64 0.1.2 7.00 49.00 56.00 OK
r-patched-linux-x86_64 0.1.2 5.00 34.27 39.27 OK
r-release-linux-x86_64 0.1.2 5.49 33.67 39.16 OK
r-release-macos-arm64 0.1.2 25.00 OK
r-release-macos-x86_64 0.1.2 48.00 OK
r-release-windows-x86_64 0.1.2 7.00 52.00 59.00 OK
r-oldrel-macos-arm64 0.1.2 22.00 NOTE
r-oldrel-macos-x86_64 0.1.2 32.00 NOTE
r-oldrel-windows-x86_64 0.1.2 8.00 64.00 72.00 NOTE

Check Details

Version: 0.1.2
Check: LazyData
Result: NOTE 'LazyData' is specified without a 'data' directory Flavors: r-oldrel-macos-arm64, r-oldrel-macos-x86_64, r-oldrel-windows-x86_64