Last updated on 2025-05-23 04:51:18 CEST.
Flavor | Version | Tinstall | Tcheck | Ttotal | Status | Flags |
---|---|---|---|---|---|---|
r-devel-linux-x86_64-debian-clang | 1.1 | 19.91 | 166.83 | 186.74 | OK | |
r-devel-linux-x86_64-debian-gcc | 1.1 | 14.39 | 119.02 | 133.41 | OK | |
r-devel-linux-x86_64-fedora-clang | 1.1 | ERROR | ||||
r-devel-linux-x86_64-fedora-gcc | 1.1 | 281.55 | OK | |||
r-devel-windows-x86_64 | 1.1 | 21.00 | 162.00 | 183.00 | OK | |
r-patched-linux-x86_64 | 1.1 | 20.28 | 154.66 | 174.94 | OK | |
r-release-linux-x86_64 | 1.1 | 19.05 | 158.16 | 177.21 | OK | |
r-release-macos-arm64 | 1.1 | 70.00 | OK | |||
r-release-macos-x86_64 | 1.1 | 142.00 | OK | |||
r-release-windows-x86_64 | 1.1 | 22.00 | 160.00 | 182.00 | OK | |
r-oldrel-macos-arm64 | 1.1 | 72.00 | OK | |||
r-oldrel-macos-x86_64 | 1.1 | 141.00 | OK | |||
r-oldrel-windows-x86_64 | 1.1 | 28.00 | 212.00 | 240.00 | OK |
Version: 1.1
Check: whether package can be installed
Result: ERROR
Installation failed.
Flavor: r-devel-linux-x86_64-fedora-clang