Last updated on 2025-07-17 04:54:52 CEST.
Flavor | Version | Tinstall | Tcheck | Ttotal | Status | Flags |
---|---|---|---|---|---|---|
r-devel-linux-x86_64-debian-clang | 0.9.7 | 62.36 | 190.73 | 253.09 | NOTE | |
r-devel-linux-x86_64-debian-gcc | 0.9.7 | 44.23 | 130.23 | 174.46 | NOTE | |
r-devel-linux-x86_64-fedora-clang | 0.9.7 | 420.44 | OK | |||
r-devel-linux-x86_64-fedora-gcc | 0.9.7 | 394.73 | OK | |||
r-devel-windows-x86_64 | 0.9.7 | 74.00 | 201.00 | 275.00 | OK | |
r-patched-linux-x86_64 | 0.9.7 | 64.55 | 178.80 | 243.35 | OK | |
r-release-linux-x86_64 | 0.9.7 | 64.34 | 177.39 | 241.73 | OK | |
r-release-macos-arm64 | 0.9.7 | 100.00 | OK | |||
r-release-macos-x86_64 | 0.9.7 | 200.00 | OK | |||
r-release-windows-x86_64 | 0.9.7 | 76.00 | 205.00 | 281.00 | OK | |
r-oldrel-macos-arm64 | 0.9.7 | 104.00 | OK | |||
r-oldrel-macos-x86_64 | 0.9.7 | 198.00 | OK | |||
r-oldrel-windows-x86_64 | 0.9.7 | 93.00 | 264.00 | 357.00 | OK |
Version: 0.9.7
Check: CRAN incoming feasibility
Result: NOTE
Maintainer: ‘Jesse Krijthe <jkrijthe@gmail.com>’
The BugReports field in DESCRIPTION has
https://github.com/jkrijthe/RSSL
which should likely be
https://github.com/jkrijthe/RSSL/issues
instead.
Flavors: r-devel-linux-x86_64-debian-clang, r-devel-linux-x86_64-debian-gcc