Last updated on 2025-07-17 04:54:49 CEST.
Flavor | Version | Tinstall | Tcheck | Ttotal | Status | Flags |
---|---|---|---|---|---|---|
r-devel-linux-x86_64-debian-clang | 0.1.0 | 4.55 | 53.90 | 58.45 | OK | |
r-devel-linux-x86_64-debian-gcc | 0.1.0 | 3.63 | 39.73 | 43.36 | OK | |
r-devel-linux-x86_64-fedora-clang | 0.1.0 | 92.24 | OK | |||
r-devel-linux-x86_64-fedora-gcc | 0.1.0 | 99.62 | OK | |||
r-devel-windows-x86_64 | 0.1.0 | 7.00 | 65.00 | 72.00 | OK | |
r-patched-linux-x86_64 | 0.1.0 | 5.43 | 50.52 | 55.95 | OK | |
r-release-linux-x86_64 | 0.1.0 | 4.64 | 49.71 | 54.35 | OK | |
r-release-macos-arm64 | 0.1.0 | 33.00 | OK | |||
r-release-macos-x86_64 | 0.1.0 | 66.00 | OK | |||
r-release-windows-x86_64 | 0.1.0 | 7.00 | 66.00 | 73.00 | OK | |
r-oldrel-macos-arm64 | 0.1.0 | 35.00 | NOTE | |||
r-oldrel-macos-x86_64 | 0.1.0 | 51.00 | NOTE | |||
r-oldrel-windows-x86_64 | 0.1.0 | 8.00 | 78.00 | 86.00 | NOTE |
Version: 0.1.0
Check: LazyData
Result: NOTE
'LazyData' is specified without a 'data' directory
Flavors: r-oldrel-macos-arm64, r-oldrel-macos-x86_64, r-oldrel-windows-x86_64