Last updated on 2025-05-23 04:51:17 CEST.
Flavor | Version | Tinstall | Tcheck | Ttotal | Status | Flags |
---|---|---|---|---|---|---|
r-devel-linux-x86_64-debian-clang | 0.2.0 | 21.09 | 139.68 | 160.77 | NOTE | |
r-devel-linux-x86_64-debian-gcc | 0.2.0 | 16.01 | 101.66 | 117.67 | NOTE | |
r-devel-linux-x86_64-fedora-clang | 0.2.0 | OK | ||||
r-devel-linux-x86_64-fedora-gcc | 0.2.0 | 256.30 | OK | |||
r-devel-windows-x86_64 | 0.2.0 | 39.00 | 254.00 | 293.00 | NOTE | |
r-patched-linux-x86_64 | 0.2.0 | 18.74 | 130.79 | 149.53 | NOTE | |
r-release-linux-x86_64 | 0.2.0 | 19.08 | 129.00 | 148.08 | NOTE | |
r-release-macos-arm64 | 0.2.0 | 88.00 | OK | |||
r-release-macos-x86_64 | 0.2.0 | 149.00 | OK | |||
r-release-windows-x86_64 | 0.2.0 | 28.00 | 238.00 | 266.00 | NOTE | |
r-oldrel-macos-arm64 | 0.2.0 | 80.00 | OK | |||
r-oldrel-macos-x86_64 | 0.2.0 | 109.00 | OK | |||
r-oldrel-windows-x86_64 | 0.2.0 | 23.00 | 166.00 | 189.00 | OK |
Version: 0.2.0
Check: Rd cross-references
Result: NOTE
Found the following Rd file(s) with Rd \link{} targets missing package
anchors:
RcmdrPlugin.cpd.Rd: cpd, Rcmdr
Please provide package anchors for all Rd \link{} targets not in the
package itself and the base packages.
Flavors: r-devel-linux-x86_64-debian-clang, r-devel-linux-x86_64-debian-gcc, r-devel-windows-x86_64, r-patched-linux-x86_64, r-release-linux-x86_64, r-release-windows-x86_64