Last updated on 2025-07-19 04:49:33 CEST.
Flavor | Version | Tinstall | Tcheck | Ttotal | Status | Flags |
---|---|---|---|---|---|---|
r-devel-linux-x86_64-debian-clang | 0.1.10 | 64.01 | 400.90 | 464.91 | OK | |
r-devel-linux-x86_64-debian-gcc | 0.1.10 | 42.60 | 342.98 | 385.58 | OK | |
r-devel-linux-x86_64-fedora-clang | 0.1.10 | 717.09 | OK | |||
r-devel-linux-x86_64-fedora-gcc | 0.1.10 | 733.41 | OK | |||
r-devel-windows-x86_64 | 0.1.10 | 79.00 | 491.00 | 570.00 | OK | |
r-patched-linux-x86_64 | 0.1.10 | 59.54 | 426.07 | 485.61 | OK | |
r-release-linux-x86_64 | 0.1.10 | 59.89 | 429.50 | 489.39 | OK | |
r-release-macos-arm64 | 0.1.10 | 477.00 | OK | |||
r-release-macos-x86_64 | 0.1.10 | 763.00 | OK | |||
r-release-windows-x86_64 | 0.1.10 | 75.00 | 480.00 | 555.00 | OK | |
r-oldrel-macos-arm64 | 0.1.10 | 417.00 | NOTE | |||
r-oldrel-macos-x86_64 | 0.1.10 | 597.00 | NOTE | |||
r-oldrel-windows-x86_64 | 0.1.10 | 91.00 | 602.00 | 693.00 | OK |
Version: 0.1.10
Check: installed package size
Result: NOTE
installed size is 7.7Mb
sub-directories of 1Mb or more:
extdata 2.6Mb
libs 5.0Mb
Flavors: r-oldrel-macos-arm64, r-oldrel-macos-x86_64