Last updated on 2025-05-23 04:51:18 CEST.
Flavor | Version | Tinstall | Tcheck | Ttotal | Status | Flags |
---|---|---|---|---|---|---|
r-devel-linux-x86_64-debian-clang | 1.2.4 | 57.37 | 61.70 | 119.07 | OK | |
r-devel-linux-x86_64-debian-gcc | 1.2.4 | 40.44 | 47.57 | 88.01 | OK | |
r-devel-linux-x86_64-fedora-clang | 1.2.4 | 207.70 | OK | |||
r-devel-linux-x86_64-fedora-gcc | 1.2.4 | 230.58 | OK | |||
r-devel-windows-x86_64 | 1.2.4 | 62.00 | 107.00 | 169.00 | OK | |
r-patched-linux-x86_64 | 1.2.4 | 57.66 | 56.40 | 114.06 | OK | |
r-release-linux-x86_64 | 1.2.4 | 59.33 | 57.26 | 116.59 | OK | |
r-release-macos-arm64 | 1.2.4 | 67.00 | OK | |||
r-release-macos-x86_64 | 1.2.4 | 102.00 | OK | |||
r-release-windows-x86_64 | 1.2.4 | 62.00 | 109.00 | 171.00 | OK | |
r-oldrel-macos-arm64 | 1.2.4 | 68.00 | NOTE | |||
r-oldrel-macos-x86_64 | 1.2.4 | 195.00 | NOTE | |||
r-oldrel-windows-x86_64 | 1.2.4 | 59.00 | 123.00 | 182.00 | OK |
Version: 1.2.4
Check: installed package size
Result: NOTE
installed size is 6.4Mb
sub-directories of 1Mb or more:
libs 3.5Mb
swagger 1.4Mb
Flavors: r-oldrel-macos-arm64, r-oldrel-macos-x86_64