Last updated on 2025-07-17 04:54:50 CEST.
Flavor | Version | Tinstall | Tcheck | Ttotal | Status | Flags |
---|---|---|---|---|---|---|
r-devel-linux-x86_64-debian-clang | 0.11.1.0 | 95.21 | 142.86 | 238.07 | OK | |
r-devel-linux-x86_64-debian-gcc | 0.11.1.0 | 66.74 | 100.83 | 167.57 | OK | |
r-devel-linux-x86_64-fedora-clang | 0.11.1.0 | 408.41 | OK | |||
r-devel-linux-x86_64-fedora-gcc | 0.11.1.0 | 383.83 | OK | |||
r-devel-windows-x86_64 | 0.11.1.0 | 105.00 | 157.00 | 262.00 | OK | |
r-patched-linux-x86_64 | 0.11.1.0 | 94.93 | 134.65 | 229.58 | OK | |
r-release-linux-x86_64 | 0.11.1.0 | 93.32 | 134.43 | 227.75 | OK | |
r-release-macos-arm64 | 0.11.1.0 | 102.00 | OK | |||
r-release-macos-x86_64 | 0.11.1.0 | 149.00 | OK | |||
r-release-windows-x86_64 | 0.11.1.0 | 105.00 | 156.00 | 261.00 | OK | |
r-oldrel-macos-arm64 | 0.11.1.0 | 93.00 | NOTE | |||
r-oldrel-macos-x86_64 | 0.11.1.0 | 173.00 | NOTE | |||
r-oldrel-windows-x86_64 | 0.11.1.0 | 124.00 | 204.00 | 328.00 | OK |
Version: 0.11.1.0
Check: installed package size
Result: NOTE
installed size is 7.5Mb
sub-directories of 1Mb or more:
libs 7.3Mb
Flavors: r-oldrel-macos-arm64, r-oldrel-macos-x86_64