Last updated on 2025-05-23 04:51:18 CEST.
Flavor | Version | Tinstall | Tcheck | Ttotal | Status | Flags |
---|---|---|---|---|---|---|
r-devel-linux-x86_64-debian-clang | 0.11.1.0 | 95.32 | 143.96 | 239.28 | OK | |
r-devel-linux-x86_64-debian-gcc | 0.11.1.0 | 68.85 | 98.95 | 167.80 | OK | |
r-devel-linux-x86_64-fedora-clang | 0.11.1.0 | 417.68 | OK | |||
r-devel-linux-x86_64-fedora-gcc | 0.11.1.0 | 422.90 | OK | |||
r-devel-windows-x86_64 | 0.11.1.0 | 106.00 | 166.00 | 272.00 | OK | |
r-patched-linux-x86_64 | 0.11.1.0 | 95.53 | 135.01 | 230.54 | OK | |
r-release-linux-x86_64 | 0.11.1.0 | 96.12 | 135.04 | 231.16 | OK | |
r-release-macos-arm64 | 0.11.1.0 | 102.00 | OK | |||
r-release-macos-x86_64 | 0.11.1.0 | 149.00 | OK | |||
r-release-windows-x86_64 | 0.11.1.0 | 107.00 | 160.00 | 267.00 | OK | |
r-oldrel-macos-arm64 | 0.11.1.0 | 93.00 | NOTE | |||
r-oldrel-macos-x86_64 | 0.11.1.0 | 173.00 | NOTE | |||
r-oldrel-windows-x86_64 | 0.11.1.0 | 120.00 | 204.00 | 324.00 | OK |
Version: 0.11.1.0
Check: installed package size
Result: NOTE
installed size is 7.5Mb
sub-directories of 1Mb or more:
libs 7.3Mb
Flavors: r-oldrel-macos-arm64, r-oldrel-macos-x86_64