Last updated on 2025-05-23 04:51:19 CEST.
Flavor | Version | Tinstall | Tcheck | Ttotal | Status | Flags |
---|---|---|---|---|---|---|
r-devel-linux-x86_64-debian-clang | 3.4.0 | 43.70 | 135.59 | 179.29 | OK | |
r-devel-linux-x86_64-debian-gcc | 3.4.0 | 27.38 | 93.32 | 120.70 | OK | |
r-devel-linux-x86_64-fedora-clang | 3.4.0 | 330.11 | OK | |||
r-devel-linux-x86_64-fedora-gcc | 3.4.0 | 367.57 | OK | |||
r-devel-windows-x86_64 | 3.4.0 | 70.00 | 224.00 | 294.00 | OK | |
r-patched-linux-x86_64 | 3.4.0 | 40.16 | 126.32 | 166.48 | OK | |
r-release-linux-x86_64 | 3.4.0 | 38.47 | 128.29 | 166.76 | OK | |
r-release-macos-arm64 | 3.4.0 | 167.00 | OK | |||
r-release-macos-x86_64 | 3.4.0 | 327.00 | OK | |||
r-release-windows-x86_64 | 3.4.0 | 73.00 | 221.00 | 294.00 | OK | |
r-oldrel-macos-arm64 | 3.4.0 | 179.00 | NOTE | |||
r-oldrel-macos-x86_64 | 3.4.0 | 372.00 | NOTE | |||
r-oldrel-windows-x86_64 | 3.4.0 | 81.00 | 256.00 | 337.00 | OK |
Version: 3.4.0
Check: installed package size
Result: NOTE
installed size is 5.5Mb
sub-directories of 1Mb or more:
doc 2.6Mb
libs 1.7Mb
Flavors: r-oldrel-macos-arm64, r-oldrel-macos-x86_64