CRAN Package Check Results for Package RobinHood

Last updated on 2025-07-17 04:54:52 CEST.

Flavor Version Tinstall Tcheck Ttotal Status Flags
r-devel-linux-x86_64-debian-clang 1.7.0 4.90 38.21 43.11 NOTE
r-devel-linux-x86_64-debian-gcc 1.7.0 3.75 28.57 32.32 NOTE
r-devel-linux-x86_64-fedora-clang 1.7.0 66.20 OK
r-devel-linux-x86_64-fedora-gcc 1.7.0 62.99 OK
r-devel-windows-x86_64 1.7.0 7.00 63.00 70.00 OK
r-patched-linux-x86_64 1.7.0 5.35 35.45 40.80 OK
r-release-linux-x86_64 1.7.0 4.60 36.12 40.72 OK
r-release-macos-arm64 1.7.0 23.00 OK
r-release-macos-x86_64 1.7.0 44.00 OK
r-release-windows-x86_64 1.7.0 7.00 63.00 70.00 OK
r-oldrel-macos-arm64 1.7.0 22.00 OK
r-oldrel-macos-x86_64 1.7.0 50.00 OK
r-oldrel-windows-x86_64 1.7.0 8.00 70.00 78.00 OK

Check Details

Version: 1.7.0
Check: CRAN incoming feasibility
Result: NOTE Maintainer: ‘Joseph Blubaugh <jestonblu@gmail.com>’ No Authors@R field in DESCRIPTION. Please add one, modifying Authors@R: person(given = "Joseph", family = "Blubaugh", role = c("aut", "cre"), email = "jestonblu@gmail.com") as necessary. Flavors: r-devel-linux-x86_64-debian-clang, r-devel-linux-x86_64-debian-gcc