Last updated on 2025-07-19 04:49:36 CEST.
Flavor | Version | Tinstall | Tcheck | Ttotal | Status | Flags |
---|---|---|---|---|---|---|
r-devel-linux-x86_64-debian-clang | 2.0.1 | 59.38 | 71.85 | 131.23 | OK | |
r-devel-linux-x86_64-debian-gcc | 2.0.1 | 40.38 | 49.21 | 89.59 | OK | |
r-devel-linux-x86_64-fedora-clang | 2.0.1 | 220.82 | OK | |||
r-devel-linux-x86_64-fedora-gcc | 2.0.1 | 237.31 | OK | |||
r-devel-windows-x86_64 | 2.0.1 | 65.00 | 101.00 | 166.00 | OK | |
r-patched-linux-x86_64 | 2.0.1 | 58.68 | 66.86 | 125.54 | OK | |
r-release-linux-x86_64 | 2.0.1 | 59.85 | 66.68 | 126.53 | OK | |
r-release-macos-arm64 | 2.0.1 | 65.00 | OK | |||
r-release-macos-x86_64 | 2.0.1 | 104.00 | OK | |||
r-release-windows-x86_64 | 2.0.1 | 58.00 | 95.00 | 153.00 | OK | |
r-oldrel-macos-arm64 | 2.0.1 | 72.00 | NOTE | |||
r-oldrel-macos-x86_64 | 2.0.1 | 118.00 | NOTE | |||
r-oldrel-windows-x86_64 | 2.0.1 | 76.00 | 124.00 | 200.00 | OK |
Version: 2.0.1
Check: installed package size
Result: NOTE
installed size is 6.1Mb
sub-directories of 1Mb or more:
libs 5.5Mb
Flavors: r-oldrel-macos-arm64, r-oldrel-macos-x86_64