Last updated on 2025-07-20 04:51:12 CEST.
Flavor | Version | Tinstall | Tcheck | Ttotal | Status | Flags |
---|---|---|---|---|---|---|
r-devel-linux-x86_64-debian-clang | 1.7.6 | 13.49 | 41.11 | 54.60 | NOTE | |
r-devel-linux-x86_64-debian-gcc | 1.7.6 | 8.84 | 30.67 | 39.51 | NOTE | |
r-devel-linux-x86_64-fedora-clang | 1.7.6 | 93.81 | NOTE | |||
r-devel-linux-x86_64-fedora-gcc | 1.7.6 | 80.71 | NOTE | |||
r-devel-windows-x86_64 | 1.7.6 | 23.00 | 85.00 | 108.00 | NOTE | |
r-patched-linux-x86_64 | 1.7.6 | 13.11 | 37.61 | 50.72 | NOTE | |
r-release-linux-x86_64 | 1.7.6 | 12.41 | 37.52 | 49.93 | NOTE | |
r-release-macos-arm64 | 1.7.6 | 32.00 | NOTE | |||
r-release-macos-x86_64 | 1.7.6 | 75.00 | NOTE | |||
r-release-windows-x86_64 | 1.7.6 | 20.00 | 91.00 | 111.00 | NOTE | |
r-oldrel-macos-arm64 | 1.7.6 | 31.00 | NOTE | |||
r-oldrel-macos-x86_64 | 1.7.6 | 42.00 | NOTE | |||
r-oldrel-windows-x86_64 | 1.7.6 | 22.00 | 127.00 | 149.00 | NOTE |
Version: 1.7.6
Check: C++ specification
Result: NOTE
Specified C++11: please drop specification unless essential
Flavors: r-devel-linux-x86_64-debian-clang, r-devel-linux-x86_64-debian-gcc, r-devel-linux-x86_64-fedora-clang, r-devel-linux-x86_64-fedora-gcc, r-devel-windows-x86_64, r-patched-linux-x86_64, r-release-linux-x86_64, r-release-macos-arm64, r-release-macos-x86_64, r-release-windows-x86_64, r-oldrel-macos-arm64, r-oldrel-macos-x86_64, r-oldrel-windows-x86_64