Last updated on 2025-05-23 04:51:19 CEST.
Flavor | Version | Tinstall | Tcheck | Ttotal | Status | Flags |
---|---|---|---|---|---|---|
r-devel-linux-x86_64-debian-clang | 0.3.10 | 9.45 | 23.00 | 32.45 | OK | |
r-devel-linux-x86_64-debian-gcc | 0.3.10 | 6.98 | 18.72 | 25.70 | OK | |
r-devel-linux-x86_64-fedora-clang | 0.3.10 | 51.52 | OK | |||
r-devel-linux-x86_64-fedora-gcc | 0.3.10 | 68.23 | OK | |||
r-devel-windows-x86_64 | 0.3.10 | 27.00 | 51.00 | 78.00 | OK | |
r-patched-linux-x86_64 | 0.3.10 | 8.70 | 22.07 | 30.77 | OK | |
r-release-linux-x86_64 | 0.3.10 | 8.94 | 22.13 | 31.07 | OK | |
r-release-macos-arm64 | 0.3.10 | 58.00 | OK | |||
r-release-macos-x86_64 | 0.3.10 | 56.00 | OK | |||
r-release-windows-x86_64 | 0.3.10 | 28.00 | 52.00 | 80.00 | OK | |
r-oldrel-macos-arm64 | 0.3.10 | 56.00 | NOTE | |||
r-oldrel-macos-x86_64 | 0.3.10 | 58.00 | NOTE |
Version: 0.3.10
Check: for GNU extensions in Makefiles
Result: NOTE
GNU make is a SystemRequirements.
Flavors: r-oldrel-macos-arm64, r-oldrel-macos-x86_64