Last updated on 2025-05-23 04:51:19 CEST.
Flavor | Version | Tinstall | Tcheck | Ttotal | Status | Flags |
---|---|---|---|---|---|---|
r-devel-linux-x86_64-debian-clang | 0.1.0-1 | 33.21 | 169.15 | 202.36 | OK | |
r-devel-linux-x86_64-debian-gcc | 0.1.0-1 | 21.83 | 146.22 | 168.05 | OK | |
r-devel-linux-x86_64-fedora-clang | 0.1.0-1 | 356.66 | NOTE | |||
r-devel-linux-x86_64-fedora-gcc | 0.1.0-1 | 376.30 | NOTE | |||
r-devel-windows-x86_64 | 0.1.0-1 | 37.00 | 239.00 | 276.00 | OK | |
r-patched-linux-x86_64 | 0.1.0-1 | 28.64 | 221.03 | 249.67 | OK | |
r-release-linux-x86_64 | 0.1.0-1 | 29.29 | 220.79 | 250.08 | OK | |
r-release-macos-arm64 | 0.1.0-1 | 154.00 | OK | |||
r-release-macos-x86_64 | 0.1.0-1 | 333.00 | OK | |||
r-release-windows-x86_64 | 0.1.0-1 | 38.00 | 247.00 | 285.00 | OK | |
r-oldrel-macos-arm64 | 0.1.0-1 | 149.00 | OK | |||
r-oldrel-macos-x86_64 | 0.1.0-1 | 201.00 | OK | |||
r-oldrel-windows-x86_64 | 0.1.0-1 | 44.00 | 323.00 | 367.00 | OK |
Version: 0.1.0-1
Check: dependencies in R code
Result: NOTE
Namespace in Imports field not imported from: ‘Rcpp’
All declared Imports should be used.
Flavors: r-devel-linux-x86_64-fedora-clang, r-devel-linux-x86_64-fedora-gcc