Last updated on 2025-07-17 04:54:53 CEST.
Flavor | Version | Tinstall | Tcheck | Ttotal | Status | Flags |
---|---|---|---|---|---|---|
r-devel-linux-x86_64-debian-clang | 1.8.1 | 214.59 | 186.29 | 400.88 | OK | |
r-devel-linux-x86_64-debian-gcc | 1.8.1 | 161.06 | 123.32 | 284.38 | OK | |
r-devel-linux-x86_64-fedora-clang | 1.8.1 | 554.60 | OK | |||
r-devel-linux-x86_64-fedora-gcc | 1.8.1 | 668.61 | OK | |||
r-devel-windows-x86_64 | 1.8.1 | 173.00 | 195.00 | 368.00 | OK | |
r-patched-linux-x86_64 | 1.8.1 | 220.24 | 174.16 | 394.40 | OK | |
r-release-linux-x86_64 | 1.8.1 | 222.65 | 175.02 | 397.67 | OK | |
r-release-macos-arm64 | 1.8.1 | 112.00 | OK | |||
r-release-macos-x86_64 | 1.8.1 | 286.00 | OK | |||
r-release-windows-x86_64 | 1.8.1 | 177.00 | 195.00 | 372.00 | OK | |
r-oldrel-macos-arm64 | 1.8.1 | 131.00 | NOTE | |||
r-oldrel-macos-x86_64 | 1.8.1 | 313.00 | NOTE | |||
r-oldrel-windows-x86_64 | 1.8.1 | 282.00 | 260.00 | 542.00 | NOTE |
Version: 1.8.1
Check: installed package size
Result: NOTE
installed size is 55.8Mb
sub-directories of 1Mb or more:
R 2.1Mb
libs 53.2Mb
Flavors: r-oldrel-macos-arm64, r-oldrel-macos-x86_64, r-oldrel-windows-x86_64