Last updated on 2025-07-19 04:49:37 CEST.
Flavor | Version | Tinstall | Tcheck | Ttotal | Status | Flags |
---|---|---|---|---|---|---|
r-devel-linux-x86_64-debian-clang | 1.0.4 | 46.70 | 386.24 | 432.94 | OK | |
r-devel-linux-x86_64-debian-gcc | 1.0.4 | 32.69 | 269.94 | 302.63 | OK | |
r-devel-linux-x86_64-fedora-clang | 1.0.4 | 674.78 | OK | |||
r-devel-linux-x86_64-fedora-gcc | 1.0.4 | 538.13 | OK | |||
r-devel-windows-x86_64 | 1.0.4 | 48.00 | 322.00 | 370.00 | OK | |
r-patched-linux-x86_64 | 1.0.4 | 40.88 | 360.35 | 401.23 | OK | |
r-release-linux-x86_64 | 1.0.4 | 40.10 | 352.78 | 392.88 | OK | |
r-release-macos-arm64 | 1.0.4 | 5.00 | ERROR | |||
r-release-macos-x86_64 | 1.0.4 | 13.00 | ERROR | |||
r-release-windows-x86_64 | 1.0.4 | 44.00 | 309.00 | 353.00 | OK | |
r-oldrel-macos-arm64 | 1.0.4 | 10.00 | ERROR | |||
r-oldrel-macos-x86_64 | 1.0.4 | 11.00 | ERROR | |||
r-oldrel-windows-x86_64 | 1.0.4 | 58.00 | 446.00 | 504.00 | OK |
Version: 1.0.4
Check: package dependencies
Result: ERROR
Package required but not available: ‘BSgenome.Hsapiens.UCSC.hg19’
See section ‘The DESCRIPTION file’ in the ‘Writing R Extensions’
manual.
Flavors: r-release-macos-arm64, r-release-macos-x86_64, r-oldrel-macos-arm64, r-oldrel-macos-x86_64