CRAN Package Check Results for Package SCEPtER

Last updated on 2025-05-23 04:51:20 CEST.

Flavor Version Tinstall Tcheck Ttotal Status Flags
r-devel-linux-x86_64-debian-clang 0.2-4 10.00 22.42 32.42 OK
r-devel-linux-x86_64-debian-gcc 0.2-4 8.21 18.09 26.30 OK
r-devel-linux-x86_64-fedora-clang 0.2-4 52.26 NOTE
r-devel-linux-x86_64-fedora-gcc 0.2-4 50.22 NOTE
r-devel-windows-x86_64 0.2-4 12.00 78.00 90.00 OK
r-patched-linux-x86_64 0.2-4 10.52 21.64 32.16 OK
r-release-linux-x86_64 0.2-4 10.07 21.61 31.68 OK
r-release-macos-arm64 0.2-4 26.00 OK
r-release-macos-x86_64 0.2-4 40.00 OK
r-release-windows-x86_64 0.2-4 12.00 52.00 64.00 OK
r-oldrel-macos-arm64 0.2-4 22.00 OK
r-oldrel-macos-x86_64 0.2-4 47.00 OK
r-oldrel-windows-x86_64 0.2-4 15.00 50.00 65.00 OK

Check Details

Version: 0.2-4
Check: compiled code
Result: NOTE File ‘SCEPtER/libs/SCEPtER.so’: Found no calls to: ‘R_registerRoutines’, ‘R_useDynamicSymbols’ It is good practice to register native routines and to disable symbol search. See ‘Writing portable packages’ in the ‘Writing R Extensions’ manual. Flavors: r-devel-linux-x86_64-fedora-clang, r-devel-linux-x86_64-fedora-gcc