CRAN Package Check Results for Package SECFISH

Last updated on 2025-07-20 04:51:13 CEST.

Flavor Version Tinstall Tcheck Ttotal Status Flags
r-devel-linux-x86_64-debian-clang 0.1.7 9.25 63.22 72.47 NOTE
r-devel-linux-x86_64-debian-gcc 0.1.7 5.35 45.53 50.88 NOTE
r-devel-linux-x86_64-fedora-clang 0.1.7 114.45 OK
r-devel-linux-x86_64-fedora-gcc 0.1.7 106.17 OK
r-devel-windows-x86_64 0.1.7 10.00 76.00 86.00 OK
r-patched-linux-x86_64 0.1.7 9.08 61.05 70.13 OK
r-release-linux-x86_64 0.1.7 6.43 59.63 66.06 OK
r-release-macos-arm64 0.1.7 33.00 OK
r-release-macos-x86_64 0.1.7 55.00 OK
r-release-windows-x86_64 0.1.7 9.00 79.00 88.00 OK
r-oldrel-macos-arm64 0.1.7 36.00 OK
r-oldrel-macos-x86_64 0.1.7 53.00 OK
r-oldrel-windows-x86_64 0.1.7 14.00 95.00 109.00 OK

Check Details

Version: 0.1.7
Check: CRAN incoming feasibility
Result: NOTE Maintainer: ‘Isabella Bitetto <bitetto@coispa.it>’ No Authors@R field in DESCRIPTION. Please add one, modifying Authors@R: c(person(given = "Isabella", family = "Bitetto", role = c("aut", "cre"), email = "bitetto@coispa.it", comment = "COISPA"), person(given = "Loretta", family = "Malvarosa", role = "aut", comment = "NISEA"), person(given = c("Maria", "Teresa"), family = "Spedicato", role = "aut", comment = "COISPA"), person(given = "Ralf", family = "Doering", role = "aut", comment = "THUENEN"), person(given = "Joerg", family = "Berkenhagen", role = "aut", comment = "THUENEN")) as necessary. Flavors: r-devel-linux-x86_64-debian-clang, r-devel-linux-x86_64-debian-gcc