Last updated on 2025-07-19 04:49:38 CEST.
Flavor | Version | Tinstall | Tcheck | Ttotal | Status | Flags |
---|---|---|---|---|---|---|
r-devel-linux-x86_64-debian-clang | 1.18 | 8.43 | 73.29 | 81.72 | NOTE | |
r-devel-linux-x86_64-debian-gcc | 1.18 | 6.69 | 51.31 | 58.00 | NOTE | |
r-devel-linux-x86_64-fedora-clang | 1.18 | 122.63 | OK | |||
r-devel-linux-x86_64-fedora-gcc | 1.18 | 118.98 | OK | |||
r-devel-windows-x86_64 | 1.18 | 10.00 | 77.00 | 87.00 | OK | |
r-patched-linux-x86_64 | 1.18 | 9.24 | 69.11 | 78.35 | OK | |
r-release-linux-x86_64 | 1.18 | 9.11 | 68.29 | 77.40 | OK | |
r-release-macos-arm64 | 1.18 | 40.00 | OK | |||
r-release-macos-x86_64 | 1.18 | 77.00 | OK | |||
r-release-windows-x86_64 | 1.18 | 10.00 | 76.00 | 86.00 | OK | |
r-oldrel-macos-arm64 | 1.18 | 32.00 | OK | |||
r-oldrel-macos-x86_64 | 1.18 | 55.00 | OK | |||
r-oldrel-windows-x86_64 | 1.18 | 13.00 | 95.00 | 108.00 | OK |
Version: 1.18
Check: CRAN incoming feasibility
Result: NOTE
Maintainer: ‘Marie-Karelle Riviere <eldamjh@gmail.com>’
No Authors@R field in DESCRIPTION.
Please add one, modifying
Authors@R: person(given = "Marie-Karelle",
family = "Riviere",
role = c("aut", "cre"),
email = "eldamjh@gmail.com")
as necessary.
Flavors: r-devel-linux-x86_64-debian-clang, r-devel-linux-x86_64-debian-gcc