Last updated on 2025-05-23 04:51:21 CEST.
Flavor | Version | Tinstall | Tcheck | Ttotal | Status | Flags |
---|---|---|---|---|---|---|
r-devel-linux-x86_64-debian-clang | 1.2 | 22.92 | 23.30 | 46.22 | NOTE | |
r-devel-linux-x86_64-debian-gcc | 1.2 | 14.88 | 18.89 | 33.77 | NOTE | |
r-devel-linux-x86_64-fedora-clang | 1.2 | 86.84 | NOTE | |||
r-devel-linux-x86_64-fedora-gcc | 1.2 | 80.96 | NOTE | |||
r-devel-windows-x86_64 | 1.2 | 29.00 | 65.00 | 94.00 | NOTE | |
r-patched-linux-x86_64 | 1.2 | 22.85 | 22.09 | 44.94 | NOTE | |
r-release-linux-x86_64 | 1.2 | 22.15 | 22.24 | 44.39 | NOTE | |
r-release-macos-arm64 | 1.2 | 27.00 | NOTE | |||
r-release-macos-x86_64 | 1.2 | 51.00 | NOTE | |||
r-release-windows-x86_64 | 1.2 | 29.00 | 101.00 | 130.00 | NOTE | |
r-oldrel-macos-arm64 | 1.2 | 25.00 | NOTE | |||
r-oldrel-macos-x86_64 | 1.2 | 34.00 | NOTE | |||
r-oldrel-windows-x86_64 | 1.2 | 32.00 | 72.00 | 104.00 | NOTE |
Version: 1.2
Check: C++ specification
Result: NOTE
Specified C++11: please drop specification unless essential
Flavors: r-devel-linux-x86_64-debian-clang, r-devel-linux-x86_64-debian-gcc, r-devel-linux-x86_64-fedora-clang, r-devel-linux-x86_64-fedora-gcc, r-devel-windows-x86_64, r-patched-linux-x86_64, r-release-linux-x86_64, r-release-macos-arm64, r-release-macos-x86_64, r-release-windows-x86_64, r-oldrel-macos-arm64, r-oldrel-macos-x86_64, r-oldrel-windows-x86_64