Last updated on 2025-07-19 04:49:39 CEST.
Flavor | Version | Tinstall | Tcheck | Ttotal | Status | Flags |
---|---|---|---|---|---|---|
r-devel-linux-x86_64-debian-clang | 0.2.3 | 9.32 | 71.25 | 80.57 | NOTE | |
r-devel-linux-x86_64-debian-gcc | 0.2.3 | 6.67 | 53.91 | 60.58 | NOTE | |
r-devel-linux-x86_64-fedora-clang | 0.2.3 | 124.86 | OK | |||
r-devel-linux-x86_64-fedora-gcc | 0.2.3 | 117.38 | OK | |||
r-devel-windows-x86_64 | 0.2.3 | 10.00 | 77.00 | 87.00 | OK | |
r-patched-linux-x86_64 | 0.2.3 | 8.16 | 67.82 | 75.98 | OK | |
r-release-linux-x86_64 | 0.2.3 | 8.54 | 67.59 | 76.13 | OK | |
r-release-macos-arm64 | 0.2.3 | 38.00 | OK | |||
r-release-macos-x86_64 | 0.2.3 | 80.00 | OK | |||
r-release-windows-x86_64 | 0.2.3 | 12.00 | 76.00 | 88.00 | OK | |
r-oldrel-macos-arm64 | 0.2.3 | 35.00 | OK | |||
r-oldrel-macos-x86_64 | 0.2.3 | 72.00 | OK | |||
r-oldrel-windows-x86_64 | 0.2.3 | 14.00 | 98.00 | 112.00 | OK |
Version: 0.2.3
Check: CRAN incoming feasibility
Result: NOTE
Maintainer: ‘Lukas Beule <lukas.beule@julius-kuehn.de>’
Package CITATION file contains call(s) to old-style personList() or
as.personList(). Please use c() on person objects instead.
Package CITATION file contains call(s) to old-style citEntry(). Please
use bibentry() instead.
Flavors: r-devel-linux-x86_64-debian-clang, r-devel-linux-x86_64-debian-gcc