Last updated on 2025-07-18 04:49:21 CEST.
Flavor | Version | Tinstall | Tcheck | Ttotal | Status | Flags |
---|---|---|---|---|---|---|
r-devel-linux-x86_64-debian-clang | 0.2.8 | 14.60 | 337.66 | 352.26 | OK | |
r-devel-linux-x86_64-debian-gcc | 0.2.8 | 11.23 | 208.61 | 219.84 | OK | |
r-devel-linux-x86_64-fedora-clang | 0.2.8 | 545.02 | OK | |||
r-devel-linux-x86_64-fedora-gcc | 0.2.8 | 552.11 | OK | |||
r-devel-windows-x86_64 | 0.2.8 | 23.00 | 356.00 | 379.00 | OK | |
r-patched-linux-x86_64 | 0.2.8 | 19.04 | 313.86 | 332.90 | OK | |
r-release-linux-x86_64 | 0.2.8 | 15.94 | 312.07 | 328.01 | OK | |
r-release-macos-arm64 | 0.2.8 | 124.00 | OK | |||
r-release-macos-x86_64 | 0.2.8 | 386.00 | OK | |||
r-release-windows-x86_64 | 0.2.8 | 22.00 | 360.00 | 382.00 | OK | |
r-oldrel-macos-arm64 | 0.2.8 | 136.00 | NOTE | |||
r-oldrel-macos-x86_64 | 0.2.8 | 385.00 | NOTE | |||
r-oldrel-windows-x86_64 | 0.2.8 | 27.00 | 474.00 | 501.00 | NOTE |
Version: 0.2.8
Check: installed package size
Result: NOTE
installed size is 10.1Mb
sub-directories of 1Mb or more:
css_data 8.7Mb
Flavors: r-oldrel-macos-arm64, r-oldrel-macos-x86_64, r-oldrel-windows-x86_64