Last updated on 2025-05-23 04:51:20 CEST.
Flavor | Version | Tinstall | Tcheck | Ttotal | Status | Flags |
---|---|---|---|---|---|---|
r-devel-linux-x86_64-debian-clang | 5.1.0 | 46.33 | 205.54 | 251.87 | OK | |
r-devel-linux-x86_64-debian-gcc | 5.1.0 | 32.44 | 139.33 | 171.77 | OK | |
r-devel-linux-x86_64-fedora-clang | 5.1.0 | 409.84 | OK | |||
r-devel-linux-x86_64-fedora-gcc | 5.1.0 | 395.73 | OK | |||
r-devel-windows-x86_64 | 5.1.0 | 55.00 | 377.00 | 432.00 | OK | |
r-patched-linux-x86_64 | 5.1.0 | 54.06 | 191.45 | 245.51 | OK | |
r-release-linux-x86_64 | 5.1.0 | 46.32 | 190.98 | 237.30 | OK | |
r-release-macos-arm64 | 5.1.0 | 99.00 | OK | |||
r-release-macos-x86_64 | 5.1.0 | 186.00 | OK | |||
r-release-windows-x86_64 | 5.1.0 | 52.00 | 390.00 | 442.00 | OK | |
r-oldrel-macos-arm64 | 5.1.0 | 96.00 | NOTE | |||
r-oldrel-macos-x86_64 | 5.1.0 | 207.00 | NOTE | |||
r-oldrel-windows-x86_64 | 5.1.0 | 68.00 | 327.00 | 395.00 | NOTE |
Version: 5.1.0
Check: package dependencies
Result: NOTE
Package suggested but not available for checking: ‘BPCells’
Flavors: r-oldrel-macos-arm64, r-oldrel-macos-x86_64, r-oldrel-windows-x86_64