Last updated on 2025-10-31 03:50:19 CET.
| Flavor | Version | Tinstall | Tcheck | Ttotal | Status | Flags | 
|---|---|---|---|---|---|---|
| r-devel-linux-x86_64-debian-clang | 1.0.1 | 8.08 | 73.33 | 81.41 | OK | |
| r-devel-linux-x86_64-debian-gcc | 1.0.1 | 4.90 | 52.67 | 57.57 | OK | |
| r-devel-linux-x86_64-fedora-clang | 1.0.1 | 16.00 | 110.66 | 126.66 | OK | |
| r-devel-linux-x86_64-fedora-gcc | 1.0.1 | 17.00 | 125.45 | 142.45 | OK | |
| r-devel-windows-x86_64 | 1.0.1 | 11.00 | 87.00 | 98.00 | OK | |
| r-patched-linux-x86_64 | 1.0.1 | 7.36 | 70.18 | 77.54 | OK | |
| r-release-linux-x86_64 | 1.0.1 | 6.50 | 69.77 | 76.27 | OK | |
| r-release-macos-arm64 | 1.0.1 | 4.00 | 45.00 | 49.00 | OK | |
| r-release-macos-x86_64 | 1.0.1 | 7.00 | 74.00 | 81.00 | OK | |
| r-release-windows-x86_64 | 1.0.1 | 10.00 | 91.00 | 101.00 | OK | |
| r-oldrel-macos-arm64 | 1.0.1 | 4.00 | 43.00 | 47.00 | NOTE | |
| r-oldrel-macos-x86_64 | 1.0.1 | 6.00 | 65.00 | 71.00 | NOTE | |
| r-oldrel-windows-x86_64 | 1.0.1 | 13.00 | 109.00 | 122.00 | NOTE | 
Version: 1.0.1
Check: installed package size
Result: NOTE
    installed size is  6.4Mb
    sub-directories of 1Mb or more:
      doc       1.7Mb
      extdata   4.2Mb
Flavors: r-oldrel-macos-arm64, r-oldrel-macos-x86_64, r-oldrel-windows-x86_64