CRAN Package Check Results for Package SimDissolution

Last updated on 2025-07-19 04:49:38 CEST.

Flavor Version Tinstall Tcheck Ttotal Status Flags
r-devel-linux-x86_64-debian-clang 0.1.0 4.65 40.36 45.01 NOTE
r-devel-linux-x86_64-debian-gcc 0.1.0 3.14 29.47 32.61 NOTE
r-devel-linux-x86_64-fedora-clang 0.1.0 70.19 OK
r-devel-linux-x86_64-fedora-gcc 0.1.0 64.96 OK
r-devel-windows-x86_64 0.1.0 5.00 58.00 63.00 OK
r-patched-linux-x86_64 0.1.0 4.39 37.72 42.11 OK
r-release-linux-x86_64 0.1.0 3.80 37.63 41.43 OK
r-release-macos-arm64 0.1.0 24.00 OK
r-release-macos-x86_64 0.1.0 50.00 OK
r-release-windows-x86_64 0.1.0 5.00 58.00 63.00 OK
r-oldrel-macos-arm64 0.1.0 23.00 OK
r-oldrel-macos-x86_64 0.1.0 35.00 OK
r-oldrel-windows-x86_64 0.1.0 7.00 67.00 74.00 OK

Check Details

Version: 0.1.0
Check: CRAN incoming feasibility
Result: NOTE Maintainer: ‘Kathrin Moellenhoff <kathrin.moellenhoff@rub.de>’ No Authors@R field in DESCRIPTION. Please add one, modifying Authors@R: person(given = "Kathrin", family = "Moellenhoff", role = c("aut", "cre"), email = "kathrin.moellenhoff@rub.de") as necessary. Flavors: r-devel-linux-x86_64-debian-clang, r-devel-linux-x86_64-debian-gcc