Last updated on 2025-07-17 04:54:54 CEST.
Flavor | Version | Tinstall | Tcheck | Ttotal | Status | Flags |
---|---|---|---|---|---|---|
r-devel-linux-x86_64-debian-clang | 1.0.2 | 32.42 | 263.12 | 295.54 | OK | |
r-devel-linux-x86_64-debian-gcc | 1.0.2 | 23.78 | 142.01 | 165.79 | OK | |
r-devel-linux-x86_64-fedora-clang | 1.0.2 | 474.81 | OK | |||
r-devel-linux-x86_64-fedora-gcc | 1.0.2 | 467.01 | OK | |||
r-devel-windows-x86_64 | 1.0.2 | 36.00 | 244.00 | 280.00 | OK | |
r-patched-linux-x86_64 | 1.0.2 | 35.45 | 234.30 | 269.75 | OK | |
r-release-linux-x86_64 | 1.0.2 | 32.75 | 233.55 | 266.30 | OK | |
r-release-macos-arm64 | 1.0.2 | 117.00 | OK | |||
r-release-macos-x86_64 | 1.0.2 | 256.00 | OK | |||
r-release-windows-x86_64 | 1.0.2 | 39.00 | 246.00 | 285.00 | OK | |
r-oldrel-macos-arm64 | 1.0.2 | 109.00 | NOTE | |||
r-oldrel-macos-x86_64 | 1.0.2 | 301.00 | NOTE | |||
r-oldrel-windows-x86_64 | 1.0.2 | 45.00 | 343.00 | 388.00 | OK |
Version: 1.0.2
Check: installed package size
Result: NOTE
installed size is 5.7Mb
sub-directories of 1Mb or more:
libs 4.9Mb
Flavors: r-oldrel-macos-arm64, r-oldrel-macos-x86_64