Last updated on 2025-07-19 04:49:38 CEST.
Flavor | Version | Tinstall | Tcheck | Ttotal | Status | Flags |
---|---|---|---|---|---|---|
r-devel-linux-x86_64-debian-clang | 1.0.2 | 42.91 | 119.78 | 162.69 | OK | |
r-devel-linux-x86_64-debian-gcc | 1.0.2 | 30.45 | 84.39 | 114.84 | OK | |
r-devel-linux-x86_64-fedora-clang | 1.0.2 | 266.57 | OK | |||
r-devel-linux-x86_64-fedora-gcc | 1.0.2 | 269.67 | OK | |||
r-devel-windows-x86_64 | 1.0.2 | 46.00 | 151.00 | 197.00 | OK | |
r-patched-linux-x86_64 | 1.0.2 | 44.19 | 113.32 | 157.51 | OK | |
r-release-linux-x86_64 | 1.0.2 | 41.21 | 113.30 | 154.51 | OK | |
r-release-macos-arm64 | 1.0.2 | 74.00 | OK | |||
r-release-macos-x86_64 | 1.0.2 | 109.00 | OK | |||
r-release-windows-x86_64 | 1.0.2 | 46.00 | 148.00 | 194.00 | OK | |
r-oldrel-macos-arm64 | 1.0.2 | 70.00 | NOTE | |||
r-oldrel-macos-x86_64 | 1.0.2 | 175.00 | NOTE | |||
r-oldrel-windows-x86_64 | 1.0.2 | 59.00 | 193.00 | 252.00 | OK |
Version: 1.0.2
Check: installed package size
Result: NOTE
installed size is 5.4Mb
sub-directories of 1Mb or more:
libs 4.6Mb
Flavors: r-oldrel-macos-arm64, r-oldrel-macos-x86_64