Last updated on 2025-07-19 04:49:38 CEST.
Flavor | Version | Tinstall | Tcheck | Ttotal | Status | Flags |
---|---|---|---|---|---|---|
r-devel-linux-x86_64-debian-clang | 6.3.0 | 17.07 | 137.97 | 155.04 | OK | |
r-devel-linux-x86_64-debian-gcc | 6.3.0 | 13.89 | 92.93 | 106.82 | OK | |
r-devel-linux-x86_64-fedora-clang | 6.3.0 | 237.37 | OK | |||
r-devel-linux-x86_64-fedora-gcc | 6.3.0 | 240.42 | OK | |||
r-devel-windows-x86_64 | 6.3.0 | 20.00 | 156.00 | 176.00 | OK | |
r-patched-linux-x86_64 | 6.3.0 | 19.35 | 127.58 | 146.93 | OK | |
r-release-linux-x86_64 | 6.3.0 | 13.33 | 126.74 | 140.07 | OK | |
r-release-macos-arm64 | 6.3.0 | 170.00 | OK | |||
r-release-macos-x86_64 | 6.3.0 | 180.00 | OK | |||
r-release-windows-x86_64 | 6.3.0 | 19.00 | 160.00 | 179.00 | OK | |
r-oldrel-macos-arm64 | 6.3.0 | 85.00 | NOTE | |||
r-oldrel-macos-x86_64 | 6.3.0 | 169.00 | NOTE | |||
r-oldrel-windows-x86_64 | 6.3.0 | 25.00 | 203.00 | 228.00 | OK |
Version: 6.3.0
Check: installed package size
Result: NOTE
installed size is 6.1Mb
sub-directories of 1Mb or more:
data 3.8Mb
extdata 1.1Mb
Flavors: r-oldrel-macos-arm64, r-oldrel-macos-x86_64