CRAN Package Check Results for Package SpatFD

Last updated on 2025-07-18 04:49:23 CEST.

Flavor Version Tinstall Tcheck Ttotal Status Flags
r-devel-linux-x86_64-debian-clang 0.0.1 5.19 71.74 76.93 NOTE
r-devel-linux-x86_64-debian-gcc 0.0.1 3.54 51.12 54.66 NOTE
r-devel-linux-x86_64-fedora-clang 0.0.1 118.91 NOTE
r-devel-linux-x86_64-fedora-gcc 0.0.1 117.36 NOTE
r-devel-windows-x86_64 0.0.1 7.00 89.00 96.00 NOTE
r-patched-linux-x86_64 0.0.1 5.00 70.11 75.11 NOTE
r-release-linux-x86_64 0.0.1 4.99 67.36 72.35 NOTE
r-release-macos-arm64 0.0.1 46.00 NOTE
r-release-macos-x86_64 0.0.1 76.00 NOTE
r-release-windows-x86_64 0.0.1 8.00 87.00 95.00 NOTE
r-oldrel-macos-arm64 0.0.1 50.00 OK
r-oldrel-macos-x86_64 0.0.1 97.00 OK
r-oldrel-windows-x86_64 0.0.1 8.00 110.00 118.00 OK

Check Details

Version: 0.0.1
Check: DESCRIPTION meta-information
Result: NOTE Missing dependency on R >= 4.1.0 because package code uses the pipe |> or function shorthand \(...) syntax added in R 4.1.0. File(s) using such syntax: ‘sim_functional_process.R’ Flavors: r-devel-linux-x86_64-debian-clang, r-devel-linux-x86_64-debian-gcc, r-devel-linux-x86_64-fedora-clang, r-devel-linux-x86_64-fedora-gcc, r-devel-windows-x86_64, r-patched-linux-x86_64, r-release-linux-x86_64, r-release-macos-arm64, r-release-macos-x86_64, r-release-windows-x86_64