Last updated on 2025-07-17 04:54:54 CEST.
Flavor | Version | Tinstall | Tcheck | Ttotal | Status | Flags |
---|---|---|---|---|---|---|
r-devel-linux-x86_64-debian-clang | 1.3.5 | 35.06 | 100.70 | 135.76 | OK | |
r-devel-linux-x86_64-debian-gcc | 1.3.5 | 25.17 | 83.24 | 108.41 | OK | |
r-devel-linux-x86_64-fedora-clang | 1.3.5 | 225.08 | OK | |||
r-devel-linux-x86_64-fedora-gcc | 1.3.5 | 238.87 | OK | |||
r-devel-windows-x86_64 | 1.3.5 | 45.00 | 114.00 | 159.00 | OK | |
r-patched-linux-x86_64 | 1.3.5 | 40.27 | 103.29 | 143.56 | OK | |
r-release-linux-x86_64 | 1.3.5 | 37.27 | 103.07 | 140.34 | OK | |
r-release-macos-arm64 | 1.3.5 | 60.00 | OK | |||
r-release-macos-x86_64 | 1.3.5 | 114.00 | OK | |||
r-release-windows-x86_64 | 1.3.5 | 46.00 | 117.00 | 163.00 | OK | |
r-oldrel-macos-arm64 | 1.3.5 | 42.00 | NOTE | |||
r-oldrel-macos-x86_64 | 1.3.5 | 64.00 | NOTE | |||
r-oldrel-windows-x86_64 | 1.3.5 | 51.00 | 143.00 | 194.00 | NOTE |
Version: 1.3.5
Check: installed package size
Result: NOTE
installed size is 6.0Mb
sub-directories of 1Mb or more:
doc 1.8Mb
libs 4.1Mb
Flavors: r-oldrel-macos-arm64, r-oldrel-macos-x86_64
Version: 1.3.5
Check: for GNU extensions in Makefiles
Result: NOTE
GNU make is a SystemRequirements.
Flavors: r-oldrel-macos-arm64, r-oldrel-macos-x86_64, r-oldrel-windows-x86_64