Last updated on 2025-07-20 04:51:14 CEST.
Flavor | Version | Tinstall | Tcheck | Ttotal | Status | Flags |
---|---|---|---|---|---|---|
r-devel-linux-x86_64-debian-clang | 1.0.1 | 150.27 | 71.43 | 221.70 | OK | |
r-devel-linux-x86_64-debian-gcc | 1.0.1 | 136.74 | 55.01 | 191.75 | OK | |
r-devel-linux-x86_64-fedora-clang | 1.0.1 | 310.42 | OK | |||
r-devel-linux-x86_64-fedora-gcc | 1.0.1 | 507.20 | OK | |||
r-devel-windows-x86_64 | 1.0.1 | 148.00 | 122.00 | 270.00 | OK | |
r-patched-linux-x86_64 | 1.0.1 | 187.25 | 71.30 | 258.55 | OK | |
r-release-linux-x86_64 | 1.0.1 | 185.80 | 71.15 | 256.95 | OK | |
r-release-macos-arm64 | 1.0.1 | 126.00 | OK | |||
r-release-macos-x86_64 | 1.0.1 | 248.00 | OK | |||
r-release-windows-x86_64 | 1.0.1 | 153.00 | 121.00 | 274.00 | OK | |
r-oldrel-macos-arm64 | 1.0.1 | 119.00 | NOTE | |||
r-oldrel-macos-x86_64 | 1.0.1 | 317.00 | NOTE | |||
r-oldrel-windows-x86_64 | 1.0.1 | 188.00 | 147.00 | 335.00 | NOTE |
Version: 1.0.1
Check: package dependencies
Result: NOTE
Package suggested but not available for checking: ‘INLA’
Flavors: r-oldrel-macos-arm64, r-oldrel-macos-x86_64
Version: 1.0.1
Check: installed package size
Result: NOTE
installed size is 95.1Mb
sub-directories of 1Mb or more:
libs 94.2Mb
Flavors: r-oldrel-macos-arm64, r-oldrel-macos-x86_64, r-oldrel-windows-x86_64