Last updated on 2025-07-19 04:49:39 CEST.
Flavor | Version | Tinstall | Tcheck | Ttotal | Status | Flags |
---|---|---|---|---|---|---|
r-devel-linux-x86_64-debian-clang | 0.1.1 | 7.10 | 363.34 | 370.44 | NOTE | |
r-devel-linux-x86_64-debian-gcc | 0.1.1 | 4.69 | 222.03 | 226.72 | NOTE | |
r-devel-linux-x86_64-fedora-clang | 0.1.1 | 584.85 | OK | |||
r-devel-linux-x86_64-fedora-gcc | 0.1.1 | 586.85 | OK | |||
r-devel-windows-x86_64 | 0.1.1 | 10.00 | 330.00 | 340.00 | OK | |
r-patched-linux-x86_64 | 0.1.1 | 6.99 | 343.18 | 350.17 | OK | |
r-release-linux-x86_64 | 0.1.1 | 6.78 | 342.00 | 348.78 | OK | |
r-release-macos-arm64 | 0.1.1 | 146.00 | OK | |||
r-release-macos-x86_64 | 0.1.1 | 336.00 | OK | |||
r-release-windows-x86_64 | 0.1.1 | 8.00 | 356.00 | 364.00 | OK | |
r-oldrel-macos-arm64 | 0.1.1 | 141.00 | OK | |||
r-oldrel-macos-x86_64 | 0.1.1 | 266.00 | OK | |||
r-oldrel-windows-x86_64 | 0.1.1 | 10.00 | 490.00 | 500.00 | OK |
Version: 0.1.1
Check: CRAN incoming feasibility
Result: NOTE
Maintainer: ‘Jilber Urbina <JilberUrbina@gmail.com>’
No Authors@R field in DESCRIPTION.
Please add one, modifying
Authors@R: person(given = "Jilber",
family = "Urbina",
role = c("aut", "cre"),
email = "jilberurbina@gmail.com")
as necessary.
Flavors: r-devel-linux-x86_64-debian-clang, r-devel-linux-x86_64-debian-gcc