Last updated on 2025-05-23 04:51:22 CEST.
Flavor | Version | Tinstall | Tcheck | Ttotal | Status | Flags |
---|---|---|---|---|---|---|
r-devel-linux-x86_64-debian-clang | 0.4.1 | 16.71 | 188.14 | 204.85 | NOTE | |
r-devel-linux-x86_64-debian-gcc | 0.4.1 | 10.80 | 130.09 | 140.89 | NOTE | |
r-devel-linux-x86_64-fedora-clang | 0.4.1 | 314.67 | OK | |||
r-devel-linux-x86_64-fedora-gcc | 0.4.1 | 337.63 | OK | |||
r-devel-windows-x86_64 | 0.4.1 | 19.00 | 395.00 | 414.00 | OK | |
r-patched-linux-x86_64 | 0.4.1 | 14.58 | 170.62 | 185.20 | OK | |
r-release-linux-x86_64 | 0.4.1 | 16.59 | 172.43 | 189.02 | OK | |
r-release-macos-arm64 | 0.4.1 | 109.00 | OK | |||
r-release-macos-x86_64 | 0.4.1 | 200.00 | OK | |||
r-release-windows-x86_64 | 0.4.1 | 19.00 | 295.00 | 314.00 | OK | |
r-oldrel-macos-arm64 | 0.4.1 | 97.00 | OK | |||
r-oldrel-macos-x86_64 | 0.4.1 | 151.00 | OK | |||
r-oldrel-windows-x86_64 | 0.4.1 | 25.00 | 254.00 | 279.00 | OK |
Version: 0.4.1
Check: CRAN incoming feasibility
Result: NOTE
Maintainer: ‘Andres Villegas <andresmauriciovillegas@gmail.com>’
No Authors@R field in DESCRIPTION.
Please add one, modifying
Authors@R: c(person(given = "Andres",
family = "Villegas",
role = c("aut", "cre"),
email = "andresmauriciovillegas@gmail.com"),
person(given = "Pietro",
family = "Millossovich",
role = "aut",
email = "Pietro.Millossovich.1@city.ac.uk"),
person(given = "Vladimir",
family = "Kaishev",
role = "aut",
email = "Vladimir.Kaishev.1@city.ac.uk"))
as necessary.
Found the following (possibly) invalid file URI:
URI: www.mortality.org
From: man/EWMaleData.Rd
Flavors: r-devel-linux-x86_64-debian-clang, r-devel-linux-x86_64-debian-gcc