Last updated on 2025-05-23 04:51:22 CEST.
Flavor | Version | Tinstall | Tcheck | Ttotal | Status | Flags |
---|---|---|---|---|---|---|
r-devel-linux-x86_64-debian-clang | 0.0.6 | 8.10 | 74.62 | 82.72 | NOTE | |
r-devel-linux-x86_64-debian-gcc | 0.0.6 | 5.57 | 50.42 | 55.99 | NOTE | |
r-devel-linux-x86_64-fedora-clang | 0.0.6 | 129.61 | OK | |||
r-devel-linux-x86_64-fedora-gcc | 0.0.6 | 124.05 | OK | |||
r-devel-windows-x86_64 | 0.0.6 | 10.00 | 94.00 | 104.00 | OK | |
r-patched-linux-x86_64 | 0.0.6 | 7.62 | 69.65 | 77.27 | OK | |
r-release-linux-x86_64 | 0.0.6 | 5.91 | 69.86 | 75.77 | OK | |
r-release-macos-arm64 | 0.0.6 | 43.00 | OK | |||
r-release-macos-x86_64 | 0.0.6 | 64.00 | OK | |||
r-release-windows-x86_64 | 0.0.6 | 10.00 | 151.00 | 161.00 | OK | |
r-oldrel-macos-arm64 | 0.0.6 | 38.00 | OK | |||
r-oldrel-macos-x86_64 | 0.0.6 | 60.00 | OK | |||
r-oldrel-windows-x86_64 | 0.0.6 | 13.00 | 110.00 | 123.00 | OK |
Version: 0.0.6
Check: CRAN incoming feasibility
Result: NOTE
Maintainer: ‘Hossein Azari Soufiani <azari.hossein@gmail.com>’
No Authors@R field in DESCRIPTION.
Please add one, modifying
Authors@R: c(person(given = c("Hossein", "Azari"),
family = "Soufiani",
role = c("aut", "cre"),
email = "azari.hossein@gmail.com"),
person(given = "William",
family = "Chen",
role = "aut"))
as necessary.
Flavors: r-devel-linux-x86_64-debian-clang, r-devel-linux-x86_64-debian-gcc