CRAN Package Check Results for Package StepSignalMargiLike

Last updated on 2025-07-20 04:51:15 CEST.

Flavor Version Tinstall Tcheck Ttotal Status Flags
r-devel-linux-x86_64-debian-clang 2.6.0 22.23 24.89 47.12 NOTE
r-devel-linux-x86_64-debian-gcc 2.6.0 15.25 20.42 35.67 NOTE
r-devel-linux-x86_64-fedora-clang 2.6.0 83.96 NOTE
r-devel-linux-x86_64-fedora-gcc 2.6.0 74.46 NOTE
r-devel-windows-x86_64 2.6.0 26.00 66.00 92.00 NOTE
r-patched-linux-x86_64 2.6.0 20.20 23.54 43.74 NOTE
r-release-linux-x86_64 2.6.0 21.54 23.74 45.28 NOTE
r-release-macos-arm64 2.6.0 27.00 NOTE
r-release-macos-x86_64 2.6.0 35.00 NOTE
r-release-windows-x86_64 2.6.0 25.00 63.00 88.00 NOTE
r-oldrel-macos-arm64 2.6.0 26.00 NOTE
r-oldrel-macos-x86_64 2.6.0 34.00 NOTE
r-oldrel-windows-x86_64 2.6.0 27.00 78.00 105.00 NOTE

Check Details

Version: 2.6.0
Check: CRAN incoming feasibility
Result: NOTE Maintainer: ‘Chu-Lan Michael Kao <chulankao@gmail.com>’ No Authors@R field in DESCRIPTION. Please add one, modifying Authors@R: c(person(given = "Chao", family = "Du", role = "aut"), person(given = c("Chu-Lan", "Michael"), family = "Kao", role = c("aut", "cre"), email = "chulankao@gmail.com"), person(given = "Samuel", family = "Kou", role = "aut")) as necessary. Flavors: r-devel-linux-x86_64-debian-clang, r-devel-linux-x86_64-debian-gcc

Version: 2.6.0
Check: C++ specification
Result: NOTE Specified C++11: please drop specification unless essential Flavors: r-devel-linux-x86_64-debian-clang, r-devel-linux-x86_64-debian-gcc, r-devel-linux-x86_64-fedora-clang, r-devel-linux-x86_64-fedora-gcc, r-devel-windows-x86_64, r-patched-linux-x86_64, r-release-linux-x86_64, r-release-macos-arm64, r-release-macos-x86_64, r-release-windows-x86_64, r-oldrel-macos-arm64, r-oldrel-macos-x86_64, r-oldrel-windows-x86_64