CRAN Package Check Results for Package TAR

Last updated on 2025-07-20 04:51:15 CEST.

Flavor Version Tinstall Tcheck Ttotal Status Flags
r-devel-linux-x86_64-debian-clang 1.0 4.63 29.90 34.53 NOTE
r-devel-linux-x86_64-debian-gcc 1.0 3.54 22.38 25.92 NOTE
r-devel-linux-x86_64-fedora-clang 1.0 55.63 OK
r-devel-linux-x86_64-fedora-gcc 1.0 51.90 OK
r-devel-windows-x86_64 1.0 6.00 50.00 56.00 OK
r-patched-linux-x86_64 1.0 4.47 28.47 32.94 OK
r-release-linux-x86_64 1.0 4.64 28.38 33.02 OK
r-release-macos-arm64 1.0 19.00 OK
r-release-macos-x86_64 1.0 35.00 OK
r-release-windows-x86_64 1.0 5.00 48.00 53.00 OK
r-oldrel-macos-arm64 1.0 17.00 OK
r-oldrel-macos-x86_64 1.0 34.00 OK
r-oldrel-windows-x86_64 1.0 5.00 52.00 57.00 OK

Check Details

Version: 1.0
Check: CRAN incoming feasibility
Result: NOTE Maintainer: ‘Hanwen Zhang <hanwengutierrez@gmail.com>’ No Authors@R field in DESCRIPTION. Please add one, modifying Authors@R: c(person(given = "Hanwen", family = "Zhang", role = c("aut", "cre"), email = "hanwengutierrez@gmail.com"), person(given = c("Fabio", "H."), family = "Nieto", role = "aut")) as necessary. Flavors: r-devel-linux-x86_64-debian-clang, r-devel-linux-x86_64-debian-gcc