CRAN Package Check Results for Package TNC

Last updated on 2025-07-19 04:49:40 CEST.

Flavor Version Tinstall Tcheck Ttotal Status Flags
r-devel-linux-x86_64-debian-clang 0.1.0 2.32 22.96 25.28 OK
r-devel-linux-x86_64-debian-gcc 0.1.0 1.70 18.39 20.09 OK
r-devel-linux-x86_64-fedora-clang 0.1.0 37.96 OK
r-devel-linux-x86_64-fedora-gcc 0.1.0 36.45 OK
r-devel-windows-x86_64 0.1.0 4.00 54.00 58.00 OK
r-patched-linux-x86_64 0.1.0 2.33 21.57 23.90 OK
r-release-linux-x86_64 0.1.0 2.29 21.92 24.21 OK
r-release-macos-arm64 0.1.0 17.00 OK
r-release-macos-x86_64 0.1.0 29.00 OK
r-release-windows-x86_64 0.1.0 3.00 91.00 94.00 OK
r-oldrel-macos-arm64 0.1.0 16.00 NOTE
r-oldrel-macos-x86_64 0.1.0 26.00 NOTE
r-oldrel-windows-x86_64 0.1.0 3.00 92.00 95.00 NOTE

Check Details

Version: 0.1.0
Check: LazyData
Result: NOTE 'LazyData' is specified without a 'data' directory Flavors: r-oldrel-macos-arm64, r-oldrel-macos-x86_64, r-oldrel-windows-x86_64