Last updated on 2025-07-19 04:49:40 CEST.
Flavor | Version | Tinstall | Tcheck | Ttotal | Status | Flags |
---|---|---|---|---|---|---|
r-devel-linux-x86_64-debian-clang | 0.0-6 | 23.84 | 182.14 | 205.98 | NOTE | |
r-devel-linux-x86_64-debian-gcc | 0.0-6 | 14.41 | 112.91 | 127.32 | NOTE | |
r-devel-linux-x86_64-fedora-clang | 0.0-6 | 327.75 | OK | |||
r-devel-linux-x86_64-fedora-gcc | 0.0-6 | 305.13 | OK | |||
r-devel-windows-x86_64 | 0.0-6 | 21.00 | 145.00 | 166.00 | OK | |
r-patched-linux-x86_64 | 0.0-6 | 24.21 | 179.08 | 203.29 | OK | |
r-release-linux-x86_64 | 0.0-6 | 23.75 | 176.16 | 199.91 | OK | |
r-release-macos-arm64 | 0.0-6 | 72.00 | OK | |||
r-release-macos-x86_64 | 0.0-6 | 160.00 | OK | |||
r-release-windows-x86_64 | 0.0-6 | 20.00 | 359.00 | 379.00 | OK | |
r-oldrel-macos-arm64 | 0.0-6 | 71.00 | OK | |||
r-oldrel-macos-x86_64 | 0.0-6 | 115.00 | OK | |||
r-oldrel-windows-x86_64 | 0.0-6 | 31.00 | 482.00 | 513.00 | OK |
Version: 0.0-6
Check: CRAN incoming feasibility
Result: NOTE
Maintainer: ‘Ali Santacruz <amsantac@unal.edu.co>’
No Authors@R field in DESCRIPTION.
Please add one, modifying
Authors@R: c(person(given = c("Robert", "G."),
family = "Pontius",
role = "aut",
email = "rpontius@clarku.edu"),
person(given = "Ali",
family = "Santacruz",
role = c("aut", "cre"),
email = "amsantac@unal.edu.co"),
person(given = "Amin",
family = "Tayyebi",
role = "aut"),
person(given = "Benoit",
family = "Parmentier",
role = "aut"),
person(given = "Kangping",
family = "Si",
role = "aut"))
as necessary.
Flavors: r-devel-linux-x86_64-debian-clang, r-devel-linux-x86_64-debian-gcc