CRAN Package Check Results for Package TSEind

Last updated on 2025-07-19 04:49:40 CEST.

Flavor Version Tinstall Tcheck Ttotal Status Flags
r-devel-linux-x86_64-debian-clang 0.1.0 1.98 19.81 21.79 OK
r-devel-linux-x86_64-debian-gcc 0.1.0 1.82 16.42 18.24 OK
r-devel-linux-x86_64-fedora-clang 0.1.0 34.61 NOTE
r-devel-linux-x86_64-fedora-gcc 0.1.0 32.40 NOTE
r-devel-windows-x86_64 0.1.0 4.00 133.00 137.00 OK
r-patched-linux-x86_64 0.1.0 2.49 18.84 21.33 OK
r-release-linux-x86_64 0.1.0 2.16 19.17 21.33 OK
r-release-macos-arm64 0.1.0 16.00 OK
r-release-macos-x86_64 0.1.0 23.00 OK
r-release-windows-x86_64 0.1.0 3.00 136.00 139.00 OK
r-oldrel-macos-arm64 0.1.0 15.00 OK
r-oldrel-macos-x86_64 0.1.0 21.00 OK
r-oldrel-windows-x86_64 0.1.0 4.00 202.00 206.00 OK

Check Details

Version: 0.1.0
Check: dependencies in R code
Result: NOTE Namespace in Imports field not imported from: ‘stats’ All declared Imports should be used. Flavors: r-devel-linux-x86_64-fedora-clang, r-devel-linux-x86_64-fedora-gcc