Last updated on 2025-05-23 04:51:23 CEST.
Flavor | Version | Tinstall | Tcheck | Ttotal | Status | Flags |
---|---|---|---|---|---|---|
r-devel-linux-x86_64-debian-clang | 1.4.5 | 20.89 | 107.52 | 128.41 | NOTE | |
r-devel-linux-x86_64-debian-gcc | 1.4.5 | 15.32 | 88.24 | 103.56 | NOTE | |
r-devel-linux-x86_64-fedora-clang | 1.4.5 | 206.77 | NOTE | |||
r-devel-linux-x86_64-fedora-gcc | 1.4.5 | 222.08 | NOTE | |||
r-devel-windows-x86_64 | 1.4.5 | 27.00 | 193.00 | 220.00 | NOTE | |
r-patched-linux-x86_64 | 1.4.5 | 21.38 | 103.16 | 124.54 | NOTE | |
r-release-linux-x86_64 | 1.4.5 | 20.65 | 103.01 | 123.66 | NOTE | |
r-release-macos-arm64 | 1.4.5 | 78.00 | NOTE | |||
r-release-macos-x86_64 | 1.4.5 | 170.00 | NOTE | |||
r-release-windows-x86_64 | 1.4.5 | 26.00 | 185.00 | 211.00 | NOTE | |
r-oldrel-macos-arm64 | 1.4.5 | 70.00 | NOTE | |||
r-oldrel-macos-x86_64 | 1.4.5 | 104.00 | NOTE | |||
r-oldrel-windows-x86_64 | 1.4.5 | 30.00 | 184.00 | 214.00 | NOTE |
Version: 1.4.5
Check: CRAN incoming feasibility
Result: NOTE
Maintainer: ‘Xavier Didelot <xavier.didelot@gmail.com>’
Package CITATION file contains call(s) to old-style citEntry(). Please
use bibentry() instead.
Flavors: r-devel-linux-x86_64-debian-clang, r-devel-linux-x86_64-debian-gcc
Version: 1.4.5
Check: C++ specification
Result: NOTE
Specified C++11: please drop specification unless essential
Flavors: r-devel-linux-x86_64-debian-clang, r-devel-linux-x86_64-debian-gcc, r-devel-linux-x86_64-fedora-clang, r-devel-linux-x86_64-fedora-gcc, r-devel-windows-x86_64, r-patched-linux-x86_64, r-release-linux-x86_64, r-release-macos-arm64, r-release-macos-x86_64, r-release-windows-x86_64, r-oldrel-macos-arm64, r-oldrel-macos-x86_64, r-oldrel-windows-x86_64