Last updated on 2025-07-17 04:54:56 CEST.
Flavor | Version | Tinstall | Tcheck | Ttotal | Status | Flags |
---|---|---|---|---|---|---|
r-devel-linux-x86_64-debian-clang | 1.0.5 | 51.64 | 440.07 | 491.71 | OK | |
r-devel-linux-x86_64-debian-gcc | 1.0.5 | 38.70 | 317.88 | 356.58 | OK | |
r-devel-linux-x86_64-fedora-clang | 1.0.5 | 802.48 | OK | |||
r-devel-linux-x86_64-fedora-gcc | 1.0.5 | 776.16 | OK | |||
r-devel-windows-x86_64 | 1.0.5 | 54.00 | 426.00 | 480.00 | OK | |
r-patched-linux-x86_64 | 1.0.5 | 48.56 | 425.85 | 474.41 | OK | |
r-release-linux-x86_64 | 1.0.5 | 47.46 | 419.45 | 466.91 | OK | |
r-release-macos-arm64 | 1.0.5 | 125.00 | OK | |||
r-release-macos-x86_64 | 1.0.5 | 317.00 | OK | |||
r-release-windows-x86_64 | 1.0.5 | 52.00 | 410.00 | 462.00 | OK | |
r-oldrel-macos-arm64 | 1.0.5 | 145.00 | OK | |||
r-oldrel-macos-x86_64 | 1.0.5 | 337.00 | NOTE | |||
r-oldrel-windows-x86_64 | 1.0.5 | 72.00 | 558.00 | 630.00 | OK |
Version: 1.0.5
Check: package dependencies
Result: NOTE
Package suggested but not available for checking: ‘ggtreeExtra’
Flavor: r-oldrel-macos-x86_64