Last updated on 2025-07-17 04:54:56 CEST.
Flavor | Version | Tinstall | Tcheck | Ttotal | Status | Flags |
---|---|---|---|---|---|---|
r-devel-linux-x86_64-debian-clang | 1.0.1 | 3.62 | 49.87 | 53.49 | OK | |
r-devel-linux-x86_64-debian-gcc | 1.0.1 | 2.98 | 33.72 | 36.70 | ERROR | |
r-devel-linux-x86_64-fedora-clang | 1.0.1 | 84.22 | OK | |||
r-devel-linux-x86_64-fedora-gcc | 1.0.1 | 95.75 | OK | |||
r-devel-windows-x86_64 | 1.0.1 | 5.00 | 70.00 | 75.00 | OK | |
r-patched-linux-x86_64 | 1.0.1 | 4.24 | 47.79 | 52.03 | OK | |
r-release-linux-x86_64 | 1.0.1 | 3.56 | 47.22 | 50.78 | OK | |
r-release-macos-arm64 | 1.0.1 | 31.00 | OK | |||
r-release-macos-x86_64 | 1.0.1 | 60.00 | OK | |||
r-release-windows-x86_64 | 1.0.1 | 5.00 | 69.00 | 74.00 | OK | |
r-oldrel-macos-arm64 | 1.0.1 | 49.00 | OK | |||
r-oldrel-macos-x86_64 | 1.0.1 | 116.00 | OK | |||
r-oldrel-windows-x86_64 | 1.0.1 | 5.00 | 84.00 | 89.00 | OK |
Version: 1.0.1
Check: re-building of vignette outputs
Result: ERROR
Error(s) in re-building vignettes:
...
--- re-building ‘UAHDataScienceUC.Rmd’ using rmarkdown
Quitting from UAHDataScienceUC.Rmd:83-93 [unnamed-chunk-6]
~~~~~~~~~~~~~~~~~~~~~~~~~~~~~~~~~~~~~~~~~~~~~~~~~~~~~~~~~~~~~~~~~~~~~~~~~~~~~~~~
<error/rlang_error>
Error in `solve.default()`:
! Lapack routine dgesv: system is exactly singular: U[2,2] = 0
---
Backtrace:
▆
1. └─UAHDataScienceUC::gaussian_mixture(...)
2. ├─UAHDataScienceUC:::sum_finite(...)
3. └─base::sapply(...)
4. └─base::lapply(X = X, FUN = FUN, ...)
5. └─UAHDataScienceUC (local) FUN(X[[i]], ...)
6. └─UAHDataScienceUC:::dmnorm(...)
7. ├─base::diag(diff %*% solve(sigma) %*% t(diff))
8. ├─base::solve(sigma)
9. └─base::solve.default(sigma)
~~~~~~~~~~~~~~~~~~~~~~~~~~~~~~~~~~~~~~~~~~~~~~~~~~~~~~~~~~~~~~~~~~~~~~~~~~~~~~~~
Error: processing vignette 'UAHDataScienceUC.Rmd' failed with diagnostics:
Lapack routine dgesv: system is exactly singular: U[2,2] = 0
--- failed re-building ‘UAHDataScienceUC.Rmd’
SUMMARY: processing the following file failed:
‘UAHDataScienceUC.Rmd’
Error: Vignette re-building failed.
Execution halted
Flavor: r-devel-linux-x86_64-debian-gcc