Last updated on 2025-07-17 04:54:56 CEST.
Flavor | Version | Tinstall | Tcheck | Ttotal | Status | Flags |
---|---|---|---|---|---|---|
r-devel-linux-x86_64-debian-clang | 2.1.0 | 13.05 | 98.84 | 111.89 | OK | |
r-devel-linux-x86_64-debian-gcc | 2.1.0 | 9.22 | 69.89 | 79.11 | OK | |
r-devel-linux-x86_64-fedora-clang | 2.1.0 | 166.01 | OK | |||
r-devel-linux-x86_64-fedora-gcc | 2.1.0 | 178.06 | OK | |||
r-devel-windows-x86_64 | 2.1.0 | 19.00 | 117.00 | 136.00 | OK | |
r-patched-linux-x86_64 | 2.1.0 | 14.66 | 87.56 | 102.22 | OK | |
r-release-linux-x86_64 | 2.1.0 | 13.18 | 87.02 | 100.20 | OK | |
r-release-macos-arm64 | 2.1.0 | 59.00 | OK | |||
r-release-macos-x86_64 | 2.1.0 | 96.00 | OK | |||
r-release-windows-x86_64 | 2.1.0 | 19.00 | 115.00 | 134.00 | OK | |
r-oldrel-macos-arm64 | 2.1.0 | 37.00 | NOTE | |||
r-oldrel-macos-x86_64 | 2.1.0 | 76.00 | NOTE | |||
r-oldrel-windows-x86_64 | 2.1.0 | 24.00 | 148.00 | 172.00 | NOTE |
Version: 2.1.0
Check: installed package size
Result: NOTE
installed size is 7.9Mb
sub-directories of 1Mb or more:
data 1.1Mb
doc 1.4Mb
shinyapp 4.9Mb
Flavors: r-oldrel-macos-arm64, r-oldrel-macos-x86_64, r-oldrel-windows-x86_64