Last updated on 2025-07-17 04:54:57 CEST.
Flavor | Version | Tinstall | Tcheck | Ttotal | Status | Flags |
---|---|---|---|---|---|---|
r-devel-linux-x86_64-debian-clang | 1.1.0 | 35.66 | 26.04 | 61.70 | OK | |
r-devel-linux-x86_64-debian-gcc | 1.1.0 | 31.45 | 24.15 | 55.60 | OK | |
r-devel-linux-x86_64-fedora-clang | 1.1.0 | 109.11 | OK | |||
r-devel-linux-x86_64-fedora-gcc | 1.1.0 | 119.73 | OK | |||
r-devel-windows-x86_64 | 1.1.0 | 40.00 | 66.00 | 106.00 | OK | |
r-patched-linux-x86_64 | 1.1.0 | 43.74 | 28.24 | 71.98 | OK | |
r-release-linux-x86_64 | 1.1.0 | 42.61 | 28.04 | 70.65 | OK | |
r-release-macos-arm64 | 1.1.0 | 36.00 | OK | |||
r-release-macos-x86_64 | 1.1.0 | 60.00 | OK | |||
r-release-windows-x86_64 | 1.1.0 | 43.00 | 67.00 | 110.00 | OK | |
r-oldrel-macos-arm64 | 1.1.0 | 37.00 | NOTE | |||
r-oldrel-macos-x86_64 | 1.1.0 | 62.00 | NOTE | |||
r-oldrel-windows-x86_64 | 1.1.0 | 51.00 | 80.00 | 131.00 | OK |
Version: 1.1.0
Check: installed package size
Result: NOTE
installed size is 15.1Mb
sub-directories of 1Mb or more:
libs 15.0Mb
Flavors: r-oldrel-macos-arm64, r-oldrel-macos-x86_64