Last updated on 2025-05-23 04:51:24 CEST.
Flavor | Version | Tinstall | Tcheck | Ttotal | Status | Flags |
---|---|---|---|---|---|---|
r-devel-linux-x86_64-debian-clang | 1.1-13 | 100.86 | 556.55 | 657.41 | OK | |
r-devel-linux-x86_64-debian-gcc | 1.1-13 | 64.84 | 341.44 | 406.28 | OK | |
r-devel-linux-x86_64-fedora-clang | 1.1-13 | 1047.36 | OK | |||
r-devel-linux-x86_64-fedora-gcc | 1.1-13 | 1006.34 | OK | |||
r-devel-windows-x86_64 | 1.1-13 | 113.00 | 860.00 | 973.00 | OK | |
r-patched-linux-x86_64 | 1.1-13 | 108.61 | 513.85 | 622.46 | OK | |
r-release-linux-x86_64 | 1.1-13 | 93.76 | 529.04 | 622.80 | OK | |
r-release-macos-arm64 | 1.1-13 | 191.00 | OK | |||
r-release-macos-x86_64 | 1.1-13 | 456.00 | OK | |||
r-release-windows-x86_64 | 1.1-13 | 104.00 | 856.00 | 960.00 | OK | |
r-oldrel-macos-arm64 | 1.1-13 | 194.00 | NOTE | |||
r-oldrel-macos-x86_64 | 1.1-13 | 486.00 | NOTE | |||
r-oldrel-windows-x86_64 | 1.1-13 | 142.00 | 748.00 | 890.00 | NOTE |
Version: 1.1-13
Check: installed package size
Result: NOTE
installed size is 10.3Mb
sub-directories of 1Mb or more:
R 5.1Mb
help 4.0Mb
Flavors: r-oldrel-macos-arm64, r-oldrel-macos-x86_64, r-oldrel-windows-x86_64