CRAN Package Check Results for Package VSURF

Last updated on 2025-07-19 04:49:41 CEST.

Flavor Version Tinstall Tcheck Ttotal Status Flags
r-devel-linux-x86_64-debian-clang 1.2.0 3.36 40.81 44.17 NOTE
r-devel-linux-x86_64-debian-gcc 1.2.0 2.24 30.96 33.20 NOTE
r-devel-linux-x86_64-fedora-clang 1.2.0 69.62 OK
r-devel-linux-x86_64-fedora-gcc 1.2.0 63.94 OK
r-devel-windows-x86_64 1.2.0 4.00 68.00 72.00 NOTE
r-patched-linux-x86_64 1.2.0 3.33 38.05 41.38 NOTE
r-release-linux-x86_64 1.2.0 3.02 38.29 41.31 NOTE
r-release-macos-arm64 1.2.0 30.00 OK
r-release-macos-x86_64 1.2.0 46.00 OK
r-release-windows-x86_64 1.2.0 4.00 67.00 71.00 NOTE
r-oldrel-macos-arm64 1.2.0 26.00 OK
r-oldrel-macos-x86_64 1.2.0 39.00 OK
r-oldrel-windows-x86_64 1.2.0 6.00 75.00 81.00 OK

Additional issues

M1mac

Check Details

Version: 1.2.0
Check: Rd cross-references
Result: NOTE Found the following Rd file(s) with Rd \link{} targets missing package anchors: VSURF.Rd: randomForest VSURF_interp.Rd: randomForest VSURF_pred.Rd: randomForest VSURF_thres.Rd: randomForest predict.VSURF.Rd: randomForest, predict.randomForest Please provide package anchors for all Rd \link{} targets not in the package itself and the base packages. Flavors: r-devel-linux-x86_64-debian-clang, r-devel-linux-x86_64-debian-gcc, r-devel-windows-x86_64, r-patched-linux-x86_64, r-release-linux-x86_64, r-release-windows-x86_64