CRAN Package Check Results for Package XNomial

Last updated on 2025-05-23 04:51:24 CEST.

Flavor Version Tinstall Tcheck Ttotal Status Flags
r-devel-linux-x86_64-debian-clang 1.0.4.1 2.32 21.08 23.40 OK
r-devel-linux-x86_64-debian-gcc 1.0.4.1 2.15 17.59 19.74 OK
r-devel-linux-x86_64-fedora-clang 1.0.4.1 38.29 NOTE
r-devel-linux-x86_64-fedora-gcc 1.0.4.1 58.89 NOTE
r-devel-windows-x86_64 1.0.4.1 7.00 79.00 86.00 OK
r-patched-linux-x86_64 1.0.4.1 2.68 20.52 23.20 OK
r-release-linux-x86_64 1.0.4.1 2.77 20.17 22.94 OK
r-release-macos-arm64 1.0.4.1 35.00 OK
r-release-macos-x86_64 1.0.4.1 48.00 OK
r-release-windows-x86_64 1.0.4.1 5.00 69.00 74.00 OK
r-oldrel-macos-arm64 1.0.4.1 40.00 OK
r-oldrel-macos-x86_64 1.0.4.1 85.00 OK
r-oldrel-windows-x86_64 1.0.4.1 6.00 48.00 54.00 OK

Check Details

Version: 1.0.4.1
Check: compiled code
Result: NOTE File ‘XNomial/libs/XNomial.so’: Found no calls to: ‘R_registerRoutines’, ‘R_useDynamicSymbols’ It is good practice to register native routines and to disable symbol search. See ‘Writing portable packages’ in the ‘Writing R Extensions’ manual. Flavors: r-devel-linux-x86_64-fedora-clang, r-devel-linux-x86_64-fedora-gcc