Last updated on 2025-07-17 04:54:34 CEST.
Flavor | Version | Tinstall | Tcheck | Ttotal | Status | Flags |
---|---|---|---|---|---|---|
r-devel-linux-x86_64-debian-clang | 1.0.1 | 169.24 | 150.51 | 319.75 | OK | |
r-devel-linux-x86_64-debian-gcc | 1.0.1 | 118.33 | 89.45 | 207.78 | OK | |
r-devel-linux-x86_64-fedora-clang | 1.0.1 | 630.61 | OK | |||
r-devel-linux-x86_64-fedora-gcc | 1.0.1 | 516.75 | OK | |||
r-devel-windows-x86_64 | 1.0.1 | 197.00 | 176.00 | 373.00 | OK | |
r-patched-linux-x86_64 | 1.0.1 | 163.22 | 135.61 | 298.83 | OK | |
r-release-linux-x86_64 | 1.0.1 | 167.48 | 133.69 | 301.17 | OK | |
r-release-macos-arm64 | 1.0.1 | 125.00 | OK | |||
r-release-macos-x86_64 | 1.0.1 | 190.00 | OK | |||
r-release-windows-x86_64 | 1.0.1 | 203.00 | 174.00 | 377.00 | OK | |
r-oldrel-macos-arm64 | 1.0.1 | 126.00 | NOTE | |||
r-oldrel-macos-x86_64 | 1.0.1 | 195.00 | NOTE | |||
r-oldrel-windows-x86_64 | 1.0.1 | 228.00 | 232.00 | 460.00 | OK |
Version: 1.0.1
Check: installed package size
Result: NOTE
installed size is 7.2Mb
sub-directories of 1Mb or more:
libs 6.1Mb
Flavors: r-oldrel-macos-arm64, r-oldrel-macos-x86_64