Last updated on 2025-07-17 04:54:33 CEST.
Flavor | Version | Tinstall | Tcheck | Ttotal | Status | Flags |
---|---|---|---|---|---|---|
r-devel-linux-x86_64-debian-clang | 3.1.2 | 58.16 | 107.16 | 165.32 | NOTE | |
r-devel-linux-x86_64-debian-gcc | 3.1.2 | 44.39 | 76.36 | 120.75 | NOTE | |
r-devel-linux-x86_64-fedora-clang | 3.1.2 | 299.13 | OK | |||
r-devel-linux-x86_64-fedora-gcc | 3.1.2 | 275.62 | OK | |||
r-devel-windows-x86_64 | 3.1.2 | 68.00 | 129.00 | 197.00 | OK | |
r-patched-linux-x86_64 | 3.1.2 | 54.95 | 100.86 | 155.81 | OK | |
r-release-linux-x86_64 | 3.1.2 | 56.28 | 100.26 | 156.54 | OK | |
r-release-macos-arm64 | 3.1.2 | 75.00 | OK | |||
r-release-macos-x86_64 | 3.1.2 | 119.00 | OK | |||
r-release-windows-x86_64 | 3.1.2 | 69.00 | 127.00 | 196.00 | OK | |
r-oldrel-macos-arm64 | 3.1.2 | 71.00 | OK | |||
r-oldrel-macos-x86_64 | 3.1.2 | 104.00 | OK | |||
r-oldrel-windows-x86_64 | 3.1.2 | 78.00 | 164.00 | 242.00 | OK |
Version: 3.1.2
Check: CRAN incoming feasibility
Result: NOTE
Maintainer: ‘Dane R. Van Domelen <vandomed@gmail.com>’
No Authors@R field in DESCRIPTION.
Please add one, modifying
Authors@R: person(given = c("Dane", "R."),
family = "Van Domelen",
role = c("aut", "cre"),
email = "vandomed@gmail.com")
as necessary.
Found the following URLs which should use \doi (with the DOI name only):
File ‘accelerometry.Rd’:
https://doi.org/10.7287/peerj.preprints.3188v1
Flavors: r-devel-linux-x86_64-debian-clang, r-devel-linux-x86_64-debian-gcc